{"id":723,"date":"2018-04-09T18:08:59","date_gmt":"2018-04-09T16:08:59","guid":{"rendered":"https:\/\/www.laboiteaconcepts.com\/?page_id=723"},"modified":"2018-04-10T12:19:15","modified_gmt":"2018-04-10T10:19:15","slug":"quels-leviers-utiliser-pour-le-financement-de-son-plan-strategique","status":"publish","type":"page","link":"https:\/\/www.laboiteaconcepts.com\/index.php\/questions-dactu\/quels-leviers-utiliser-pour-le-financement-de-son-plan-strategique\/","title":{"rendered":"Quels leviers utiliser pour le financement de son Plan Strat\u00e9gique ?"},"content":{"rendered":"<p style=\"text-align: justify;\">Malgr\u00e9 toute la qualit\u00e9 de votre projet, son financement restera toujours le nerf de la guerre !<\/p>\n<p style=\"text-align: justify;\">Ce dernier est d\u00e9j\u00e0, \u00e0 lui seul, un plan strat\u00e9gique car si de nombreux partenaires financiers potentiels seront sensibles \u00e0 vos ambitions, la grande majorit\u00e9 ne voudra se baser que sur vos premiers succ\u00e8s.<\/p>\n<p style=\"text-align: justify;\">De ce fait, phaser intelligemment ses demandes de financement et, pour chacune de ces phases, le v\u00e9hicule m\u00eame de financement appropri\u00e9, est essentiel \u00e0 la r\u00e9alisation de vos objectifs.<\/p>\n<h1 style=\"text-align: justify;\"><em><span style=\"color: #ff9900;\"><strong>3 Leviers compl\u00e9mentaires pour financer son plan strat\u00e9gique<\/strong><\/span><\/em><\/h1>\n<p style=\"text-align: justify;\">Au-del\u00e0 du financement en fonds propres, voici 3 leviers \u00e0 consid\u00e9rer pour financer son plan strat\u00e9gique, particuli\u00e8rement adapt\u00e9s aux Startups, PME et ETI :<\/p>\n<p style=\"text-align: justify;\"><span style=\"color: #ff9900;\"><strong>1 \u2013 L\u2019optimisation de vos co\u00fbts\u00a0<\/strong><\/span><\/p>\n<p style=\"text-align: justify;\">Parce qu\u2019il est difficile, d\u2019une part, de ma\u00eetriser la technicit\u00e9 de tous les produits et les prestations que l\u2019on ach\u00e8te, et, d\u2019autre part, que les bonnes relations avec vos partenaires distendent peu \u00e0 peu la vigilance sur le rapport co\u00fbt \/ performance,\u00a0vous entourer de sp\u00e9cialistes reconnus peut vous permettre de\u00a0:<\/p>\n<ul style=\"text-align: justify;\">\n<li><strong>R\u00e9duire vos co\u00fbts en conservant un niveau de qualit\u00e9 identique ou sup\u00e9rieur\u00a0:<\/strong>Logistique, TelCo, Informatique (infog\u00e9rance, licences, mat\u00e9riels\u00a0: achat et cr\u00e9dit-bail, services), Mat\u00e9riels (achats, cr\u00e9dit-bail\u2026.), Prestations de services r\u00e9currents (frais marketing\u00a0: flyers\u2026., m\u00e9nage, maintenance,\u2026), Assurances collectives (Mutuelles, Pr\u00e9voyance, Retraite), Taxes locales (o\u00f9 des erreurs peuvent grever les montants \u00e0 payer)\u00a0;<\/li>\n<li><strong>Rationaliser vos contrats\u00a0:<\/strong>\u00a0D\u00e9celer les co\u00fbts cach\u00e9s, les prestations inutiles ou surpay\u00e9es \/ d\u00e9solidariser les prestations et les ren\u00e9gocier sur diff\u00e9rents op\u00e9rateurs offrant une meilleure rentabilit\u00e9 financi\u00e8re,\u2026<\/li>\n<\/ul>\n<p style=\"text-align: justify;\"><span style=\"color: #ff9900;\"><strong>2- Vos lev\u00e9es de subventions, de fonds et de pr\u00eats garantis<\/strong><\/span><\/p>\n<p style=\"text-align: justify;\">La faisabilit\u00e9 et la pertinence de votre projet, la qualit\u00e9 et la coh\u00e9rence de votre \u00e9quipe et de ses ambitions, sont les \u00e9l\u00e9ments cl\u00e9s de votre succ\u00e8s sur lesquels de nombreux acteurs sont pr\u00eats \u00e0 investir !<\/p>\n<p style=\"text-align: justify;\">L\u00e0 aussi, mobiliser des comp\u00e9tences externes aguerries \u00e0 la meilleure fa\u00e7on de structurer, d&rsquo;affiner et d&rsquo;enrichir votre projet (y compris humainement en vous permettant d&rsquo;y associer des femmes et des hommes reconnus dans votre secteur), peut vous permettre de s\u00e9curiser son succ\u00e8s en \u00e9vitant des\u00a0<a href=\"https:\/\/atelier.bnpparibas\/smart-city\/article\/pivot-etape-necessaire-startups\" target=\"_blank\" rel=\"nofollow noopener\">pivots\u00a0<\/a>aussi inutiles que co\u00fbteux :<\/p>\n<ul style=\"text-align: justify;\">\n<li><strong>Conseil en strat\u00e9gie<\/strong>\u00a0pour optimiser votre plan de d\u00e9veloppement ;<\/li>\n<li><strong>Lev\u00e9e de subventions<\/strong>\u00a0pouvant financer jusqu\u2019\u00e0 50% de votre projet ;<\/li>\n<li><strong>Lev\u00e9e de fonds<\/strong>\u00a0aupr\u00e8s de business angels, de partenaires industriels ou d\u2019institutionnels ;<\/li>\n<li><strong>Lev\u00e9e de pr\u00eats garantis<\/strong>\u00a0par les grands organismes.<\/li>\n<\/ul>\n<p style=\"text-align: justify;\"><span style=\"color: #ff9900;\"><strong>3- Les obtentions d\u2019avance de tr\u00e9sorerie et d\u2019assurance export, pour mener votre strat\u00e9gie d\u2019internationalisation\u00a0<\/strong><\/span><\/p>\n<p style=\"text-align: justify;\">Se d\u00e9velopper \u00e0 l\u2019\u00e9tranger est une aventure aussi stimulante que co\u00fbteuse et\u2026 risqu\u00e9e.<\/p>\n<p style=\"text-align: justify;\">Bien choisir ses march\u00e9s, s\u2019assurer de la conformit\u00e9 de leurs attentes et des moyens \u00e0 mettre en oeuvre pour les aborder sereinement, n\u00e9cessitent la meilleure des pr\u00e9parations.<\/p>\n<p style=\"text-align: justify;\">Des Experts peuvent vous permettre de rationaliser, financer et s\u00e9curiser votre plan strat\u00e9gique d\u2019internationalisation :<\/p>\n<ul style=\"text-align: justify;\">\n<li><strong>Conseil en strat\u00e9gie<\/strong>\u00a0pour optimiser l\u2019implantation de votre Marque ;<\/li>\n<li><strong>Obtention d\u2019avance de tr\u00e9sorerie<\/strong>\u00a0;<\/li>\n<li><strong>Obtention d\u2019une assurance<\/strong>\u00a0pour garantir vos activit\u00e9s \u00e0 l\u2019export.<\/li>\n<\/ul>\n<p style=\"text-align: justify;\">De nombreux acteurs interviennent au sucess fee sur la plupart de ces sujets et vous feront des propositions concr\u00e8tes, avant de contractualiser.<\/p>\n<p style=\"text-align: justify;\">Rencontrer plusieurs prestataires et choisir chaque partenaire en se projetant dans une relation \u00e9clair\u00e9e est avant tout essentiel.<\/p>\n<p style=\"text-align: justify;\">Les termes du contrat, o\u00f9 vous devez rester ma\u00eetre de vos choix et non pas otage d&rsquo;une relation d\u00e9s\u00e9quilibr\u00e9e, sont \u00e9videmment tout aussi importants.<\/p>\n<div id=\"content\" class=\"site-content\">\n<div class=\"wrap\">\n<div id=\"primary\" class=\"content-area\">\n<article id=\"post-668\" class=\"post-668 page type-page status-publish has-post-thumbnail hentry\">\n<div class=\"entry-content\">\n<hr \/>\n<p style=\"text-align: justify;\"><em>St\u00e9phane BAURBERG, CEO @\u00a0<\/em><a href=\"http:\/\/www.laboiteaconcepts.com\/\" target=\"_blank\" rel=\"nofollow noopener\"><em>La Bo\u00eete \u00e0 Concepts<\/em><\/a><em>\u00a0, Structure de Conseil qui accompagne les Grands Acteurs, et ceux en devenir, dans l\u2019<\/em><strong><em>Innovation<\/em><\/strong><em>, la\u00a0<\/em><strong><em>Structuration\u00a0<\/em><\/strong><em>et le\u00a0<\/em><strong><em>Financement\u00a0<\/em><\/strong><em>de leur\u00a0<\/em><strong><em>Plan Strat\u00e9gique<\/em><\/strong><em>.\u00a0<\/em><\/p>\n<\/div>\n<\/article>\n<\/div>\n<\/div>\n<\/div>\n","protected":false},"excerpt":{"rendered":"<p>Malgr\u00e9 toute la qualit\u00e9 de votre projet, son financement restera toujours le nerf de la guerre ! Ce dernier est d\u00e9j\u00e0, \u00e0 lui seul, un plan strat\u00e9gique car si de nombreux partenaires financiers potentiels seront sensibles \u00e0 vos ambitions, la grande majorit\u00e9 ne voudra se baser que sur vos premiers succ\u00e8s. De ce fait, phaser &hellip; <\/p>\n<p class=\"link-more\"><a href=\"https:\/\/www.laboiteaconcepts.com\/index.php\/questions-dactu\/quels-leviers-utiliser-pour-le-financement-de-son-plan-strategique\/\" class=\"more-link\">Continuer la lecture<span class=\"screen-reader-text\"> de &laquo;&nbsp;Quels leviers utiliser pour le financement de son Plan Strat\u00e9gique ?&nbsp;&raquo;<\/span><\/a><\/p>\n","protected":false},"author":1,"featured_media":724,"parent":673,"menu_order":5,"comment_status":"closed","ping_status":"closed","template":"","meta":{"_acf_changed":false,"_monsterinsights_skip_tracking":false,"_monsterinsights_sitenote_active":false,"_monsterinsights_sitenote_note":"","_monsterinsights_sitenote_category":0,"footnotes":""},"class_list":["post-723","page","type-page","status-publish","has-post-thumbnail","hentry"],"acf":[],"yoast_head":"<!-- This site is optimized with the Yoast SEO plugin v27.5 - https:\/\/yoast.com\/product\/yoast-seo-wordpress\/ -->\n<title>Quels leviers utiliser pour le financement de son Plan Strat\u00e9gique ? | La Bo\u00eete \u00e0 Concepts<\/title>\n<meta name=\"robots\" content=\"index, follow, max-snippet:-1, max-image-preview:large, max-video-preview:-1\" \/>\n<link rel=\"canonical\" href=\"https:\/\/www.laboiteaconcepts.com\/index.php\/questions-dactu\/quels-leviers-utiliser-pour-le-financement-de-son-plan-strategique\/\" \/>\n<meta property=\"og:locale\" content=\"fr_FR\" \/>\n<meta property=\"og:type\" content=\"article\" \/>\n<meta property=\"og:title\" content=\"Quels leviers utiliser pour le financement de son Plan Strat\u00e9gique ? | La Bo\u00eete \u00e0 Concepts\" \/>\n<meta property=\"og:description\" content=\"Malgr\u00e9 toute la qualit\u00e9 de votre projet, son financement restera toujours le nerf de la guerre ! Ce dernier est d\u00e9j\u00e0, \u00e0 lui seul, un plan strat\u00e9gique car si de nombreux partenaires financiers potentiels seront sensibles \u00e0 vos ambitions, la grande majorit\u00e9 ne voudra se baser que sur vos premiers succ\u00e8s. De ce fait, phaser &hellip; Continuer la lecture de &laquo;&nbsp;Quels leviers utiliser pour le financement de son Plan Strat\u00e9gique ?&nbsp;&raquo;\" \/>\n<meta property=\"og:url\" content=\"https:\/\/www.laboiteaconcepts.com\/index.php\/questions-dactu\/quels-leviers-utiliser-pour-le-financement-de-son-plan-strategique\/\" \/>\n<meta property=\"og:site_name\" content=\"La Bo\u00eete \u00e0 Concepts\" \/>\n<meta property=\"article:modified_time\" content=\"2018-04-10T10:19:15+00:00\" \/>\n<meta property=\"og:image\" content=\"https:\/\/www.laboiteaconcepts.com\/wp-content\/uploads\/2018\/04\/Financement-et-Optimisation-des-Co\u00fbts-La-Bo\u00eete-\u00e0-Concepts.jpg\" \/>\n\t<meta property=\"og:image:width\" content=\"1280\" \/>\n\t<meta property=\"og:image:height\" content=\"864\" \/>\n\t<meta property=\"og:image:type\" content=\"image\/jpeg\" \/>\n<meta name=\"twitter:card\" content=\"summary_large_image\" \/>\n<meta name=\"twitter:site\" content=\"@BoiteAConcepts\" \/>\n<meta name=\"twitter:label1\" content=\"Dur\u00e9e de lecture estim\u00e9e\" \/>\n\t<meta name=\"twitter:data1\" content=\"3 minutes\" \/>\n<script type=\"application\/ld+json\" class=\"yoast-schema-graph\">{\"@context\":\"https:\\\/\\\/schema.org\",\"@graph\":[{\"@type\":\"WebPage\",\"@id\":\"https:\\\/\\\/www.laboiteaconcepts.com\\\/index.php\\\/questions-dactu\\\/quels-leviers-utiliser-pour-le-financement-de-son-plan-strategique\\\/\",\"url\":\"https:\\\/\\\/www.laboiteaconcepts.com\\\/index.php\\\/questions-dactu\\\/quels-leviers-utiliser-pour-le-financement-de-son-plan-strategique\\\/\",\"name\":\"Quels leviers utiliser pour le financement de son Plan Strat\u00e9gique ? | La Bo\u00eete \u00e0 Concepts\",\"isPartOf\":{\"@id\":\"https:\\\/\\\/www.laboiteaconcepts.com\\\/#website\"},\"primaryImageOfPage\":{\"@id\":\"https:\\\/\\\/www.laboiteaconcepts.com\\\/index.php\\\/questions-dactu\\\/quels-leviers-utiliser-pour-le-financement-de-son-plan-strategique\\\/#primaryimage\"},\"image\":{\"@id\":\"https:\\\/\\\/www.laboiteaconcepts.com\\\/index.php\\\/questions-dactu\\\/quels-leviers-utiliser-pour-le-financement-de-son-plan-strategique\\\/#primaryimage\"},\"thumbnailUrl\":\"https:\\\/\\\/www.laboiteaconcepts.com\\\/wp-content\\\/uploads\\\/2018\\\/04\\\/Financement-et-Optimisation-des-Co\u00fbts-La-Bo\u00eete-\u00e0-Concepts.jpg\",\"datePublished\":\"2018-04-09T16:08:59+00:00\",\"dateModified\":\"2018-04-10T10:19:15+00:00\",\"breadcrumb\":{\"@id\":\"https:\\\/\\\/www.laboiteaconcepts.com\\\/index.php\\\/questions-dactu\\\/quels-leviers-utiliser-pour-le-financement-de-son-plan-strategique\\\/#breadcrumb\"},\"inLanguage\":\"fr-FR\",\"potentialAction\":[{\"@type\":\"ReadAction\",\"target\":[\"https:\\\/\\\/www.laboiteaconcepts.com\\\/index.php\\\/questions-dactu\\\/quels-leviers-utiliser-pour-le-financement-de-son-plan-strategique\\\/\"]}]},{\"@type\":\"ImageObject\",\"inLanguage\":\"fr-FR\",\"@id\":\"https:\\\/\\\/www.laboiteaconcepts.com\\\/index.php\\\/questions-dactu\\\/quels-leviers-utiliser-pour-le-financement-de-son-plan-strategique\\\/#primaryimage\",\"url\":\"https:\\\/\\\/www.laboiteaconcepts.com\\\/wp-content\\\/uploads\\\/2018\\\/04\\\/Financement-et-Optimisation-des-Co\u00fbts-La-Bo\u00eete-\u00e0-Concepts.jpg\",\"contentUrl\":\"https:\\\/\\\/www.laboiteaconcepts.com\\\/wp-content\\\/uploads\\\/2018\\\/04\\\/Financement-et-Optimisation-des-Co\u00fbts-La-Bo\u00eete-\u00e0-Concepts.jpg\",\"width\":1280,\"height\":864},{\"@type\":\"BreadcrumbList\",\"@id\":\"https:\\\/\\\/www.laboiteaconcepts.com\\\/index.php\\\/questions-dactu\\\/quels-leviers-utiliser-pour-le-financement-de-son-plan-strategique\\\/#breadcrumb\",\"itemListElement\":[{\"@type\":\"ListItem\",\"position\":1,\"name\":\"Accueil\",\"item\":\"https:\\\/\\\/www.laboiteaconcepts.com\\\/\"},{\"@type\":\"ListItem\",\"position\":2,\"name\":\"Questions d&rsquo;Actu\",\"item\":\"https:\\\/\\\/www.laboiteaconcepts.com\\\/index.php\\\/questions-dactu\\\/\"},{\"@type\":\"ListItem\",\"position\":3,\"name\":\"Quels leviers utiliser pour le financement de son Plan Strat\u00e9gique ?\"}]},{\"@type\":\"WebSite\",\"@id\":\"https:\\\/\\\/www.laboiteaconcepts.com\\\/#website\",\"url\":\"https:\\\/\\\/www.laboiteaconcepts.com\\\/\",\"name\":\"La Bo\u00eete \u00e0 Concepts\",\"description\":\"Innovations that ease your World\",\"publisher\":{\"@id\":\"https:\\\/\\\/www.laboiteaconcepts.com\\\/#organization\"},\"potentialAction\":[{\"@type\":\"SearchAction\",\"target\":{\"@type\":\"EntryPoint\",\"urlTemplate\":\"https:\\\/\\\/www.laboiteaconcepts.com\\\/?s={search_term_string}\"},\"query-input\":{\"@type\":\"PropertyValueSpecification\",\"valueRequired\":true,\"valueName\":\"search_term_string\"}}],\"inLanguage\":\"fr-FR\"},{\"@type\":\"Organization\",\"@id\":\"https:\\\/\\\/www.laboiteaconcepts.com\\\/#organization\",\"name\":\"La Bo\u00eete \u00e0 Concepts\",\"url\":\"https:\\\/\\\/www.laboiteaconcepts.com\\\/\",\"logo\":{\"@type\":\"ImageObject\",\"inLanguage\":\"fr-FR\",\"@id\":\"https:\\\/\\\/www.laboiteaconcepts.com\\\/#\\\/schema\\\/logo\\\/image\\\/\",\"url\":\"https:\\\/\\\/www.laboiteaconcepts.com\\\/wp-content\\\/uploads\\\/2017\\\/01\\\/Logo-La-Bo\u00eete-\u00e0-Concepts-1.jpg\",\"contentUrl\":\"https:\\\/\\\/www.laboiteaconcepts.com\\\/wp-content\\\/uploads\\\/2017\\\/01\\\/Logo-La-Bo\u00eete-\u00e0-Concepts-1.jpg\",\"width\":228,\"height\":221,\"caption\":\"La Bo\u00eete \u00e0 Concepts\"},\"image\":{\"@id\":\"https:\\\/\\\/www.laboiteaconcepts.com\\\/#\\\/schema\\\/logo\\\/image\\\/\"},\"sameAs\":[\"https:\\\/\\\/x.com\\\/BoiteAConcepts\"]}]}<\/script>\n<!-- \/ Yoast SEO plugin. -->","yoast_head_json":{"title":"Quels leviers utiliser pour le financement de son Plan Strat\u00e9gique ? | La Bo\u00eete \u00e0 Concepts","robots":{"index":"index","follow":"follow","max-snippet":"max-snippet:-1","max-image-preview":"max-image-preview:large","max-video-preview":"max-video-preview:-1"},"canonical":"https:\/\/www.laboiteaconcepts.com\/index.php\/questions-dactu\/quels-leviers-utiliser-pour-le-financement-de-son-plan-strategique\/","og_locale":"fr_FR","og_type":"article","og_title":"Quels leviers utiliser pour le financement de son Plan Strat\u00e9gique ? | La Bo\u00eete \u00e0 Concepts","og_description":"Malgr\u00e9 toute la qualit\u00e9 de votre projet, son financement restera toujours le nerf de la guerre ! Ce dernier est d\u00e9j\u00e0, \u00e0 lui seul, un plan strat\u00e9gique car si de nombreux partenaires financiers potentiels seront sensibles \u00e0 vos ambitions, la grande majorit\u00e9 ne voudra se baser que sur vos premiers succ\u00e8s. De ce fait, phaser &hellip; Continuer la lecture de &laquo;&nbsp;Quels leviers utiliser pour le financement de son Plan Strat\u00e9gique ?&nbsp;&raquo;","og_url":"https:\/\/www.laboiteaconcepts.com\/index.php\/questions-dactu\/quels-leviers-utiliser-pour-le-financement-de-son-plan-strategique\/","og_site_name":"La Bo\u00eete \u00e0 Concepts","article_modified_time":"2018-04-10T10:19:15+00:00","og_image":[{"width":1280,"height":864,"url":"https:\/\/www.laboiteaconcepts.com\/wp-content\/uploads\/2018\/04\/Financement-et-Optimisation-des-Co\u00fbts-La-Bo\u00eete-\u00e0-Concepts.jpg","type":"image\/jpeg"}],"twitter_card":"summary_large_image","twitter_site":"@BoiteAConcepts","twitter_misc":{"Dur\u00e9e de lecture estim\u00e9e":"3 minutes"},"schema":{"@context":"https:\/\/schema.org","@graph":[{"@type":"WebPage","@id":"https:\/\/www.laboiteaconcepts.com\/index.php\/questions-dactu\/quels-leviers-utiliser-pour-le-financement-de-son-plan-strategique\/","url":"https:\/\/www.laboiteaconcepts.com\/index.php\/questions-dactu\/quels-leviers-utiliser-pour-le-financement-de-son-plan-strategique\/","name":"Quels leviers utiliser pour le financement de son Plan Strat\u00e9gique ? | La Bo\u00eete \u00e0 Concepts","isPartOf":{"@id":"https:\/\/www.laboiteaconcepts.com\/#website"},"primaryImageOfPage":{"@id":"https:\/\/www.laboiteaconcepts.com\/index.php\/questions-dactu\/quels-leviers-utiliser-pour-le-financement-de-son-plan-strategique\/#primaryimage"},"image":{"@id":"https:\/\/www.laboiteaconcepts.com\/index.php\/questions-dactu\/quels-leviers-utiliser-pour-le-financement-de-son-plan-strategique\/#primaryimage"},"thumbnailUrl":"https:\/\/www.laboiteaconcepts.com\/wp-content\/uploads\/2018\/04\/Financement-et-Optimisation-des-Co\u00fbts-La-Bo\u00eete-\u00e0-Concepts.jpg","datePublished":"2018-04-09T16:08:59+00:00","dateModified":"2018-04-10T10:19:15+00:00","breadcrumb":{"@id":"https:\/\/www.laboiteaconcepts.com\/index.php\/questions-dactu\/quels-leviers-utiliser-pour-le-financement-de-son-plan-strategique\/#breadcrumb"},"inLanguage":"fr-FR","potentialAction":[{"@type":"ReadAction","target":["https:\/\/www.laboiteaconcepts.com\/index.php\/questions-dactu\/quels-leviers-utiliser-pour-le-financement-de-son-plan-strategique\/"]}]},{"@type":"ImageObject","inLanguage":"fr-FR","@id":"https:\/\/www.laboiteaconcepts.com\/index.php\/questions-dactu\/quels-leviers-utiliser-pour-le-financement-de-son-plan-strategique\/#primaryimage","url":"https:\/\/www.laboiteaconcepts.com\/wp-content\/uploads\/2018\/04\/Financement-et-Optimisation-des-Co\u00fbts-La-Bo\u00eete-\u00e0-Concepts.jpg","contentUrl":"https:\/\/www.laboiteaconcepts.com\/wp-content\/uploads\/2018\/04\/Financement-et-Optimisation-des-Co\u00fbts-La-Bo\u00eete-\u00e0-Concepts.jpg","width":1280,"height":864},{"@type":"BreadcrumbList","@id":"https:\/\/www.laboiteaconcepts.com\/index.php\/questions-dactu\/quels-leviers-utiliser-pour-le-financement-de-son-plan-strategique\/#breadcrumb","itemListElement":[{"@type":"ListItem","position":1,"name":"Accueil","item":"https:\/\/www.laboiteaconcepts.com\/"},{"@type":"ListItem","position":2,"name":"Questions d&rsquo;Actu","item":"https:\/\/www.laboiteaconcepts.com\/index.php\/questions-dactu\/"},{"@type":"ListItem","position":3,"name":"Quels leviers utiliser pour le financement de son Plan Strat\u00e9gique ?"}]},{"@type":"WebSite","@id":"https:\/\/www.laboiteaconcepts.com\/#website","url":"https:\/\/www.laboiteaconcepts.com\/","name":"La Bo\u00eete \u00e0 Concepts","description":"Innovations that ease your World","publisher":{"@id":"https:\/\/www.laboiteaconcepts.com\/#organization"},"potentialAction":[{"@type":"SearchAction","target":{"@type":"EntryPoint","urlTemplate":"https:\/\/www.laboiteaconcepts.com\/?s={search_term_string}"},"query-input":{"@type":"PropertyValueSpecification","valueRequired":true,"valueName":"search_term_string"}}],"inLanguage":"fr-FR"},{"@type":"Organization","@id":"https:\/\/www.laboiteaconcepts.com\/#organization","name":"La Bo\u00eete \u00e0 Concepts","url":"https:\/\/www.laboiteaconcepts.com\/","logo":{"@type":"ImageObject","inLanguage":"fr-FR","@id":"https:\/\/www.laboiteaconcepts.com\/#\/schema\/logo\/image\/","url":"https:\/\/www.laboiteaconcepts.com\/wp-content\/uploads\/2017\/01\/Logo-La-Bo\u00eete-\u00e0-Concepts-1.jpg","contentUrl":"https:\/\/www.laboiteaconcepts.com\/wp-content\/uploads\/2017\/01\/Logo-La-Bo\u00eete-\u00e0-Concepts-1.jpg","width":228,"height":221,"caption":"La Bo\u00eete \u00e0 Concepts"},"image":{"@id":"https:\/\/www.laboiteaconcepts.com\/#\/schema\/logo\/image\/"},"sameAs":["https:\/\/x.com\/BoiteAConcepts"]}]}},"_links":{"self":[{"href":"https:\/\/www.laboiteaconcepts.com\/index.php\/wp-json\/wp\/v2\/pages\/723","targetHints":{"allow":["GET"]}}],"collection":[{"href":"https:\/\/www.laboiteaconcepts.com\/index.php\/wp-json\/wp\/v2\/pages"}],"about":[{"href":"https:\/\/www.laboiteaconcepts.com\/index.php\/wp-json\/wp\/v2\/types\/page"}],"author":[{"embeddable":true,"href":"https:\/\/www.laboiteaconcepts.com\/index.php\/wp-json\/wp\/v2\/users\/1"}],"replies":[{"embeddable":true,"href":"https:\/\/www.laboiteaconcepts.com\/index.php\/wp-json\/wp\/v2\/comments?post=723"}],"version-history":[{"count":3,"href":"https:\/\/www.laboiteaconcepts.com\/index.php\/wp-json\/wp\/v2\/pages\/723\/revisions"}],"predecessor-version":[{"id":744,"href":"https:\/\/www.laboiteaconcepts.com\/index.php\/wp-json\/wp\/v2\/pages\/723\/revisions\/744"}],"up":[{"embeddable":true,"href":"https:\/\/www.laboiteaconcepts.com\/index.php\/wp-json\/wp\/v2\/pages\/673"}],"wp:featuredmedia":[{"embeddable":true,"href":"https:\/\/www.laboiteaconcepts.com\/index.php\/wp-json\/wp\/v2\/media\/724"}],"wp:attachment":[{"href":"https:\/\/www.laboiteaconcepts.com\/index.php\/wp-json\/wp\/v2\/media?parent=723"}],"curies":[{"name":"wp","href":"https:\/\/api.w.org\/{rel}","templated":true}]}}